 + 676*r - 22. Let i be f(27). What is q(i)?
-6
Let a(i) = 2*i**2 - 4*i + 1. Suppose 68 = 19*o - 103. Let p be 29/o - (-32)/(-144). Calculate a(p).
7
Let o(j) = 20 - j**2 - 38*j + 73*j + 25 - 44 - 34*j. Calculate o(1).
1
Let z(o) = -o**3 + 16*o**2 - 15*o + 8. Let r(i) = -i**3 + 16*i**2 - 15*i + 8. Let t(a) = -3*r(a) + 4*z(a). Calculate t(15).
8
Let n(o) be the first derivative of -o**4/4 + 11*o**3/3 - 5*o**2 - 7*o - 868. Determine n(9).
65
Let n(j) = -10 - 185*j + 418*j - 237*j - 13. Give n(0).
-23
Let q(r) = r**2 - 8*r - 9. Suppose 6*x = 9 + 111. Let m be (-8)/x - ((-47)/5 + 0). Give q(m).
0
Let r be ((-2)/(-5)*-1)/(2/(-20)). Let c(a) = -r*a + 2*a + 7*a - 6*a - 7. Let u be ((-5)/2)/((-2)/(-4)). Determine c(u).
-2
Let b(u) = -2*u. Let h(d) = -3*d. Let l(q) = 6*b(q) - 5*h(q). Let t be (-780)/(-16) + 1/4. Let p = t + -51. Calculate l(p).
-6
Let l = 18940 - 18920. Let b(p) = -p**3 + 22*p**2 - 38*p - 42. What is b(l)?
-2
Let y(w) = -453752 - 6*w - 4*w**2 + 7*w**2 + 453753. What is y(2)?
1
Let g(z) = -z**3 + 16*z**2 - 33*z + 74. Let u = 24671 - 24657. Calculate g(u).
4
Let m(v) be the third derivative of 73*v**4/24 - 293*v**3/6 - 6248*v**2 + 1. Determine m(4).
-1
Suppose -5*x - 4*i = -71, x - i = 73 - 48. Let y(q) be the first derivative of -1/2*q**2 + x + 9*q. Calculate y(6).
3
Let a(y) = 2*y**2 + 12*y + 121. Let g(v) = v**2 + 7*v + 56. Let w(n) = -2*a(n) + 5*g(n). What is w(-11)?
38
Let k(w) be the first derivative of w**4/4 - 5*w**3/3 + 2*w**2 - 3*w + 11. Let f(z) = 12*z + 122. Let h be f(-10). Calculate k(h).
-7
Let q = 45 - 46. Let i be (0 - q/(-2))*(16 - 18). Let v(f) = 5 - 9*f + 20*f**2 + 21*f**2 - 40*f**2 + i. Calculate v(8).
-2
Let t(p) = -p**2 + 20*p - 26. Let b be t(19). Let l(h) = -19*h - 16. Let n(u) = -12*u - 11. Let f(g) = 5*l(g) - 8*n(g). Calculate f(b).
1
Let x(v) = v**3 - 6*v**2 + v - 3. Suppose -552 = 25*t - 17*t. Suppose 2*g + 150 = 4*g. Let r = t + g. Calculate x(r).
3
Let t(i) = -i - i + 6 + 3*i. Let f = 1178 + -1170. Let q be 6/(10 - 8) - (-1 + f). Determine t(q).
2
Suppose -2*s + 33 = 2*n + 21, 3 = -s - 10*n. Let k(m) be the first derivative of m**3/3 - 3*m**2 + 4*m - 1. Give k(s).
11
Let c = -406 + 409. Suppose -3*g = -q + 21, -4*q = c*g - 1 - 8. Let w(h) = h - 3. Give w(q).
3
Let w be 6*(1 - (-3)/(-9)). Let o(h) = 25*h**3 + 29*h**2 + h + 3. Let v(i) = 69*i**3 + 79*i**2 + 2*i + 9. Let c(q) = -11*o(q) + 4*v(q). What is c(w)?
7
Let m(v) = -v + 6. Let a(f) be the first derivative of f**2/2 - 5*f - 824. Let t = -8 + 11. Let p(w) = t*m(w) + 2*a(w). Determine p(0).
8
Suppose 0 = 2*l + 3*p + 3, -p - 1 = 3*l - 2*l. Suppose -8*v + 5*v - 30 = l. Let u be (-6)/v + 27/5. Let o(w) = -w**2 + 3*w + 7. Give o(u).
-11
Let m(w) = -w**2 - 6*w - 4. Let b be m(-6). Let h(x) = -2*x**2 + 11*x + 13. Let u(y) = -y**2 + 10*y + 12. Let a(v) = -2*h(v) + 3*u(v). Determine a(b).
-6
Suppose 6*j + 42 = 21*j + 6*j. Let m(x) be the first derivative of 0*x + 11 - 11/2*x**j. Calculate m(1).
-11
Let r(b) = b**3 + 9*b**2 + 7. Let t = -15081 - -15072. Give r(t).
7
Let b(x) = x - 5. Let t be (-12)/2 + (-14)/(-2). Let l be t/(4/(-8)) - -6. Determine b(l).
-1
Let q(n) be the second derivative of -7*n + 1/6*n**3 - 1/12*n**4 - 2*n**2 - 10. Give q(3).
-10
Let n(k) = 6 + 3*k + 690*k**2 - 1382*k**2 + 693*k**2. Let r be (2/(-6))/(3*(-2)/(-54)). Calculate n(r).
6
Let l(t) = 3*t + 7. Let s(u) = 4*u + 9. Let h(m) = -7*l(m) + 5*s(m). Let k = 54 + -62. Give h(k).
4
Let c(o) be the third derivative of 11*o**4/24 + o**3 - 13*o**2 - 2*o. What is c(6)?
72
Let u be (-2)/(168/(-412)) - 154/(-1617). Let f(v) be the first derivative of -1 + 4/3*v**3 + 5/2*v**2 - v - 1/4*v**4. Calculate f(u).
-1
Let u(c) = 3*c**3 - c**2 + 1. Suppose 45*z + 33 = -12. Calculate u(z).
-3
Let x(q) be the third derivative of -q**5/60 - 5*q**4/24 + 16*q**3/3 - 2*q**2 - 15*q + 9. Determine x(-9).
-4
Let g(h) be the first derivative of -11/4*h**4 + h + 212 + h**2 + 0*h**3. Give g(-1).
10
Let d(w) = -57*w + 1209. Let p(l) = -53*l + 605. Let a(r) = 2*d(r) - 5*p(r). What is a(4)?
-3
Let h(c) = 14*c - 150. Let z = 41624 - 41614. Determine h(z).
-10
Let z(w) = -w**3 - 16*w**2 - 17*w - 34. Let q(x) = -3*x**2 + 68*x - 395. Let a be q(10). What is z(a)?
-4
Let h(i) = -i - 6. Suppose 5*g = 5*v - 50, 0*g - 5 = g. Calculate h(v).
-11
Let z(v) = -988 - 991 - 987 + v**2 - 990 + 3960 + 25*v. Give z(-23).
-42
Let w(i) be the third derivative of -i**4/24 + i**3/6 + 8464*i**2. Suppose 2*f + 2*z - 28 = -3*f, -5*f - 4*z + 26 = 0. Calculate w(f).
-5
Let q be (74/22 + (-336)/924)*-3. Let g(h) = -2*h + 2*h + 2*h - 9. Give g(q).
-27
Let g(z) = -5*z**2 + 23*z + 13. Let m = -23 - -30. Let b(y) = 3*y**2 - 12*y - 6. Let x(u) = m*b(u) + 4*g(u). Determine x(-9).
19
Suppose -3*o - 4*y = 42 + 12, -5*o + y - 90 = 0. Let m be 2/3*108/o. Let p(t) = t + 2. Calculate p(m).
-2
Let o(n) = 2*n**3 - 2*n**2 + 2. Let t be o(1). Suppose 0 = 7*k + 33 + t. Let u(j) = -3*j**2 - 6 - 2*j**3 + j**3 - j**2 + 2*j. What is u(k)?
9
Let j = 3932 - 3935. Let z(x) = -2*x**3 + 8*x**2 - 2*x**3 + 5*x**3 - 1 - 5*x**2 + 2*x. Calculate z(j).
-7
Let p be -4 - 27/(0 - -3). Let a(j) = -3 + 6*j**2 + 282*j**3 - 20*j**2 - 283*j**3 - 13*j. Determine a(p).
-3
Let b(o) = 1 - 24*o + 28*o - 25*o - 18*o. Give b(2).
-77
Let r(b) be the second derivative of b**5/20 + 4*b**4/3 - 17*b**3/3 - 17*b**2 - 571*b + 1. Determine r(-18).
-70
Let x(j) = -j**2 + 3*j + 3. Let p be x(3). Let a(l) = -2*l**3 + 3*l**2 - 5*l + 1. Let r(b) = -2*b**3 + 3*b**2 - 7*b + 1. Let q(f) = 5*a(f) - 4*r(f). Give q(p).
-17
Let u(f) = -f**2 - 43*f - 348. Let a be u(-32). Let t(z) be the second derivative of 0 + 5/12*z**a + 4*z**2 - 2/3*z**3 + 1/20*z**5 - 18*z. Calculate t(-6).
-4
Let c(r) = -122*r + 1220. Let v be c(10). Let n(z) = z. Let l(y) = 5*y + 5. Let i(d) = -l(d) + 4*n(d). Determine i(v).
-5
Let u(v) = v**3 - 34*v**2 + 71*v - 215. Let z be u(32). Let d(k) = -k**3 + 7*k**2 + k + 152. Calculate d(z).
-1
Suppose -25*s + 118 = -24*s. Let f(q) = 241*q - 122*q - 4 - s*q. What is f(10)?
6
Let s(g) = -g**3 + 3*g - 2*g - 4 + 7*g**2 + 3 - 11 + 6*g**2. What is s(13)?
1
Let d(z) = 14 + 5*z - 5*z - z**2. Suppose -1 + 4 = 272*j + 3. Calculate d(j).
14
Suppose -1 = 2*b + 3*k, -4*b - 126*k + 33 = -125*k. Let p(z) = -z**3 + 11*z**2 - 9*z - 6. Give p(b).
4
Let h(x) = -6*x + 1. Suppose -l = -2*g - 14, 0 + 23 = 2*l - 3*g. Let k = 10 - l. Let p(w) = 7*w - 1. Let o(v) = k*h(v) + 5*p(v). Give o(-5).
6
Let m(i) = 19*i + 31. Let a be m(-2). Let z(u) = 2*u + 4. Let n be z(a). Let j(w) = -w**3 - 10*w**2 - 9. Determine j(n).
-9
Let j(h) be the second derivative of 3*h**3 - 7*h**2/2 + 64*h. Let i(r) = -52*r + 20. Let a(g) = -6*i(g) - 17*j(g). Give a(-1).
-7
Let z(n) = -n**2 - 1. Let w(k) = k**3 - 8*k**2 - 4*k - 4. Let c(y) = w(y) - 6*z(y). Suppose -5*x - 60*x + 216 = 7*x. Give c(x).
-1
Let m(h) = 5*h**2 - 7*h + 4. Let q(j) = 13*j**2 - 21*j + 12. Let p(f) = -11*m(f) + 4*q(f). Calculate p(-4).
-16
Let p(v) be the second derivative of v**3 - 6*v**2 - 2*v - 228. Determine p(4).
12
Let b = -17701 - -17717. Let v(m) be the second derivative of 0 - 1/20*m**5 + b*m + 1/6*m**4 - 1/3*m**3 - 1/2*m**2. Calculate v(3).
-16
Let m(c) be the first derivative of 1/3*c**3 + 110 - 1/2*c**2 + 8*c. Let z = 1 + -1. Calculate m(z).
8
Let o(l) be the first derivative of l**3/3 - 5*l**2/2 - 11*l + 269. Give o(8).
13
Let b(o) = -27 - 28 - 5*o - 34*o - 49 - 115. Let h be b(-6). Let s(r) = r - 21. Calculate s(h).
-6
Let n(l) = -l**2 - 7*l - 8. Suppose -5*w - 16 = 3*g, -22 = -4*w + 3*g - 24. What is n(w)?
2
Let v(a) be the second derivative of -a - 1/2*a**2 + 0 + 1/6*a**3. Suppose -2238181 = 7*c - 2238132. Give v(c).
-8
Suppose 4*k = -4*l + 16, 4*k + 2*l + 0*l = 24. Let f(r) be the second derivative of -r**4/12 + 4*r**3/3 + 7*r**2/2 + r - 185456. Calculate f(k).
7
Let n be ((-3)/(-2))/(9/24). Let s be -3 + (1 - 2) + 6. Let z(i) = 4*i**s + 6 - 4*i - 20*i**3 + 9*i**3 + 10*i**3. Give z(n).
-10
Let y(p) = p**3 + 8*p**2 - 2*p - 12. Suppose -2*d - 2*i = 10, 5*d - 2*d = -4*i - 20. Suppose d = -2*m - 15 + 23. Let n be (-4)/(7/(-2) + m). What is y(n)?
4
Let g(v) = -631*v + 46 + 0*v**2 + 608*v - v**2 + 2*v**2. Give g(2).
4
Let w(h) be the third derivative of h**5/60 - h**4/3 + h**3/2 + 179052*h**2. Suppose 20 = t + t. Give w(t).
23
Let a(v) = -v - 1. Let h(b) = -21*b -